*p(b) + 8*r(b). What is the units digit of u(g)?
9
Suppose 28 = k + 3*k. Let d(v) = v**2 - 5*v - 8. Let l be d(k). Suppose y - l = -0*y. What is the units digit of y?
6
Suppose -n = -0*n - 32. Suppose -q - q = -n. What is the tens digit of q?
1
Let a(q) = q**3 - 11*q**2 - 2*q + 16. Let m be a(11). Suppose r + r - 26 = 0. Let t = m + r. What is the units digit of t?
7
Suppose -2*g + 7 = -5. What is the units digit of g/33 - 97/(-11)?
9
Suppose -4*k - 7 + 287 = 0. What is the units digit of k?
0
Let c be 8/(-3)*6/(-4). Suppose -15 = -2*n - n + c*t, -3*n + t = -6. Let v = 7 - n. What is the units digit of v?
6
Let p(l) = -l - l + 3*l + 6. Let z be p(-7). What is the units digit of 7/(z*1/(-1))?
7
What is the tens digit of 10*(18/4 - 3)?
1
Let k(t) = 3*t**2 - 2*t - 1. What is the units digit of k(-2)?
5
Let x = 30 - -109. What is the tens digit of x?
3
Let u = -60 + 87. Let m = -15 + u. What is the tens digit of m?
1
What is the tens digit of 2 + 2 + -2 - (-466)/2?
3
Suppose 18 + 57 = 3*g. Suppose -k + g = -6*k, -77 = -2*x + k. What is the tens digit of x?
3
Let k = -1 - -3. Suppose i - 2 = k. What is the units digit of 3/12 - (-19)/i?
5
Let h(u) = u**2 + 5*u + 5. Let y be h(-5). Suppose -a + 29 = k, -2*a = -a + 2*k - 34. Suppose z = y*z - a. What is the units digit of z?
6
Let z = 47 + -32. Suppose 0 = 5*n - 5*q - z, q + 4 = -3*n + 13. What is the units digit of n?
3
Let t(y) = 293*y**3 + y**2 + 2*y - 3. What is the hundreds digit of t(1)?
2
Suppose -t - 5*c = -59, -2*t = -5*c - 56 - 32. Suppose 3*o = n + t, n + 79 = 5*o - 0*n. What is the tens digit of o?
1
Suppose 11*f = 14*f - 183. What is the tens digit of f?
6
Let h be (1 - 2)*(2 + -30). Suppose -t - t + h = 0. What is the tens digit of t?
1
Let v(q) = q**3 - 5*q**2 - 3*q - 6. Suppose 0*d + 4*d = -16. Let o = d - -10. What is the tens digit of v(o)?
1
Let a = 2 - -2. What is the tens digit of ((-1)/(-3))/(a/312)?
2
Let d(x) = -45*x - 3. What is the tens digit of d(-1)?
4
Let c(y) = -y**2 - 12*y + 3. What is the tens digit of c(-7)?
3
Suppose 7 = -3*y - 11. Let t be (1 + (-9)/y)*2. Suppose t*j + 35 = 2*f, -4*j - 47 = -2*f - 11. What is the units digit of f?
0
Suppose 0 = -4*a - 40 + 180. What is the tens digit of a?
3
Let y be (-2)/7 + 16/7. Suppose -y*s + 4*k + 0*k = -32, 3*k = -3*s + 3. What is the units digit of (-14)/(-3) - (-2)/s?
5
Let d be ((-522)/3)/(-1) + 0. Suppose -d = -4*w + 6. Suppose w = k + 4*k. What is the units digit of k?
9
Suppose 5*f - o - 37 = 70, 0 = 3*f - 4*o - 71. What is the units digit of f?
1
Let p(s) = s**3 + 9*s**2 + 9*s + 9. Suppose 0 = 3*i + a + 19, 0 = 4*i + 3*a - 0*a + 17. What is the units digit of p(i)?
1
Suppose -5 = -5*i - 0*i. What is the units digit of (11 + -2)/(0 + i)?
9
Let w(x) be the second derivative of x**4/12 - 13*x. Suppose 6*y = 3*y - 4*k - 6, 0 = 5*y - 2*k - 16. What is the units digit of w(y)?
4
Let g(p) = -p**2 - 3*p - 2. Let k(d) = -d**2 - 1. Let y(a) = g(a) - 5*k(a). Let l be y(2). Let t = -6 + l. What is the units digit of t?
7
Let x = 4 - -8. Let s = x - 9. What is the units digit of s?
3
Suppose 3*h + 4*g = 8, 6*h = 2*h + g - 21. What is the tens digit of 33 - (4/h - 2)?
3
Suppose h - 172 = -7. What is the units digit of h?
5
Suppose 2*h + 20 = 5*c - 3*h, -c + 3*h + 8 = 0. Suppose -3*v = 3*i - 51, -c*v + 4*v = -3*i + 55. What is the units digit of i?
1
Let v(h) = -h - 1. Let f be v(-2). Suppose u - 6 = -f. What is the units digit of u?
5
Suppose 0 = -0*i - 4*i + 48. Suppose -75 = 5*t - 0*k + 5*k, 0 = 4*k + i. Let z = 23 + t. What is the tens digit of z?
1
Let o(c) = -2*c**3 - 4*c**2 - 3*c - 2. Suppose 4*p + 2 = -2*r, r + 19 = -5*p + 4*r. What is the units digit of o(p)?
4
Let w be ((-4)/8)/((-2)/20). Let l(q) = 6*q - 7. Let k be l(w). Suppose -3*v + 5*j + k = -0*v, -5*v - j = -1. What is the units digit of v?
1
Suppose 2*b - 8 = 2*d, -12 = 3*b - 5*b + 4*d. Let z be (-1 + 0)/((-2)/(-12)). What is the units digit of (b/z)/(2/(-12))?
2
Let v(g) = -g**2 + 6*g + 5. Let m = 23 - 11. Let k = m + -7. What is the units digit of v(k)?
0
What is the units digit of 3*8/(-12) - (-82)/1?
0
Let g(a) be the third derivative of -a**8/20160 + a**7/720 - a**5/30 - 2*a**2. Let l(p) be the third derivative of g(p). What is the units digit of l(5)?
0
What is the tens digit of ((-189)/4)/(6/(-16))?
2
Let g = 8 + -6. What is the tens digit of -1 + (g - -1)*8?
2
Suppose -28 + 0 = -2*k. What is the tens digit of k?
1
Let g be (7/(-2))/((-2)/16). Let p = -16 + g. What is the units digit of p?
2
Let s(f) = -f + 2. Let a = -8 + 2. Let v be 44/a - (-1)/3. What is the units digit of s(v)?
9
What is the units digit of (-1611)/(-15) - (-2)/(-5)?
7
Suppose -5*y + 5*s = -890, 3*s + 2*s - 667 = -4*y. What is the units digit of y?
3
Suppose 4*n - 2*j - 76 = 3*n, n + j = 88. What is the units digit of n?
4
Suppose -i - 2*x = -19, -3*i - x + 60 = 2*x. Suppose -3*m + i = -h - 37, 74 = 5*m + 4*h. What is the units digit of m?
8
Let x(t) = t + 1. Let m be x(3). Suppose m*g + 3 = -1. What is the units digit of 12/g*(-1)/2?
6
Suppose 3*w + 11 = -2*s, 2*w + w = -3*s - 21. Let r be ((-6)/s)/((-10)/(-50)). Suppose 5*z = 8*d - r*d + 30, -5*z + 2*d = -15. What is the units digit of z?
1
Let f be (2/4)/((-4)/(-128)). Suppose -p = -l - 19, f - 44 = 2*l + 3*p. Let o = 30 + l. What is the tens digit of o?
1
Suppose -4*g - 44 = -416. What is the tens digit of g?
9
Suppose -3*u - 30 = 3*v, -5*u - 2*v - 27 = -2*u. Let n = u + 15. Let l = n - 2. What is the units digit of l?
6
Suppose 5*w - 151 = 4*m + 36, 4*w - 128 = -4*m. Let d = -3 + w. What is the units digit of d?
2
Let c(o) = -3*o + 13. Let f(t) = -2*t + 3*t + 0 - 1. Let v(a) = -c(a) - 5*f(a). What is the units digit of v(-5)?
2
Suppose -2*u + 4 = -14. Suppose 2*x = 3 + u. What is the units digit of x?
6
Suppose -204 = -4*r - 4*u, r - 5*u - 57 = 12. Let t = -36 + r. Suppose -2*w + 5*s + 31 = 0, 5*s + t = -7. What is the units digit of w?
3
Suppose -3*i + 37 + 71 = 0. What is the units digit of i?
6
Let x be 1*(1 - -1) - -2. Suppose i - x*i = 69. Let m = i + 39. What is the tens digit of m?
1
Let w(u) = u**2 - 5*u + 4. Let r be w(3). Let j = 4 - r. What is the units digit of j?
6
Let t(y) be the second derivative of -y**3/6 - 3*y**2 - 2*y. Let x be t(-6). Suppose 3*g - 2*c = g, x = 2*g + 4*c - 6. What is the units digit of g?
1
Suppose 2*t - 13 = -3*h, h + 3*t = 3*h - 13. Suppose -3*g + 37 = -a, h*a + 75 = 5*g - 0*g. What is the tens digit of g?
1
Let r(y) = -y**2 + 8*y + 13. Let z = 4 + 5. Let p be r(z). Suppose -39 = w - p*w. What is the units digit of w?
3
Let r = 4 + -6. Suppose -5*a + 3*q - 12 = 34, -3*q - 20 = a. What is the tens digit of r/(-1) + (-1 - a)?
1
Let i = 107 - 51. What is the units digit of i?
6
What is the units digit of (9/(-6))/(2/(-76))?
7
Let l = -8 - -4. What is the units digit of (l + 2)/(-1) - -18?
0
Suppose -i + 24 + 16 = 0. What is the tens digit of i?
4
Suppose -3*f + 120 = 5*b + 2*f, -3*b - f = -62. What is the tens digit of b?
1
Suppose 4*y - 134 = 94. What is the tens digit of y?
5
Let y = -36 - -59. Suppose 5*h = u + 8 - y, -3*h + u - 9 = 0. Let r = h + 16. What is the units digit of r?
3
Let q = -29 + 119. Suppose q = 6*f - f. What is the units digit of f?
8
Suppose 5*k + 6*n - 665 = n, -3*n = 5*k - 675. What is the hundreds digit of k?
1
Let d(m) = m**3 + 2*m**2 - 2*m - 1. Let f be d(-2). Suppose 1 = -f*t + 7. Suppose -4*o = t*s - 22, -o - 24 = -4*s + o. What is the units digit of s?
7
What is the hundreds digit of (-6)/9 - (-1342)/6?
2
Let r = 16 - 26. Let m = 31 + -57. Let q = r - m. What is the tens digit of q?
1
Let a(d) = -d**2 - 6*d - 5. Let m be a(-5). Suppose b + 0*b - 6 = m. What is the units digit of b?
6
Let n(u) = -u**2 - 5*u. Let h be n(-3). What is the units digit of 8/24 - (-76)/h?
3
Let c(g) = g**2 - g - 2. Let i be c(11). Let u = 11 - 7. Suppose i - 32 = u*o. What is the tens digit of o?
1
Suppose -3*y = 3*o + 21, 4*y - 3*o + 23 = -6*o. Let f = y - -16. What is the units digit of (f/(-8))/(4/(-16))?
7
Let c(b) = -2*b + 1 - 2*b - 2 + b**2. What is the tens digit of c(8)?
3
Let m be -16 + 6/3 + -1. Let z be (-1 + -2)/(m/80). Suppose -3*q + 2*q = -z. What is the units digit of q?
6
Let v = -14 - -27. What is the units digit of v?
3
Suppose -5*m = 14 + 1. What is the units digit of (-